2)/g). Suppose 23*y - o*y + 454 = 0. What are the prime factors of y?
227
Let w(f) = -f**2 + 11*f - 18. Let k(m) = -m + 16. Let v be k(7). Let n be w(v). List the prime factors of n - (-5 + 2) - -52.
5, 11
Suppose 0 = p + i + 4*i - 10, -4 = -3*p - 2*i. Suppose -6*u = -p*u + 48. List the prime factors of (u - -7)/((-3)/459).
3, 17
Let c = -72 - -76. Suppose -670 = -c*x + 278. List the prime factors of x.
3, 79
Let a(n) = -18*n + 49. Let i be 20/(-14) + ((-6)/(-14) - 1). List the prime factors of a(i).
5, 17
Suppose -3*n = -4074 - 1626. Suppose -n = -2*d - 5*q, -4*d = 4*q - 2500 - 1300. What are the prime factors of d?
2, 5, 19
What are the prime factors of (-499860)/(4 + -10) + 27?
3, 27779
Suppose 4*k + 8 = 0, 3*t + 1531 = -3*k + 82834. List the prime factors of t.
27103
Suppose 8*o - 10 = 22. Suppose 13*h - 15*h + o = 0. Suppose -4*l + 3*z + 768 = -h*z, -5*l - 5*z = -1005. What are the prime factors of l?
197
Suppose 90*n - 197199 = 140751. What are the prime factors of n?
5, 751
Suppose 5*j - 4*o = -2*o + 31954, -2*o + 31946 = 5*j. List the prime factors of j.
2, 3, 5, 71
What are the prime factors of ((-70)/(-4))/(596/153768)?
3, 5, 7, 43
Suppose -t + 0*a + 5*a = 15, 3*a = -t + 17. Suppose 5*m + l - 1561 = 1456, -2*m = -t*l - 1196. List the prime factors of m.
3, 67
Suppose 5*d - 390222 = -2*q, 9*d = 11*d + 3*q - 156091. List the prime factors of d.
2, 109, 179
Suppose 2*u = 52 - 62, u - 3 = -4*s. Suppose -2*y - 2 = 0, -2*r + s*y + 1316 = -2*y. List the prime factors of r.
2, 41
Let k = -5424 - -3147. Let b(t) = -t**2 - 7*t - 14. Let y be b(-6). List the prime factors of (-2)/y - k/44.
2, 13
Let o(h) = 14*h - 66. Let t be o(5). Suppose -4*n - 1258 = -4*s - 5118, 0 = -2*n - t*s + 1906. What are the prime factors of n?
31
Suppose 37*x - 16*x = 9*x + 126504. What are the prime factors of x?
2, 3, 7, 251
Let j(h) = 121*h**2 + 199*h - 117. List the prime factors of j(9).
3, 5, 17
Let a(u) = 3686*u**2 + 88*u - 6. What are the prime factors of a(-2)?
2, 3, 809
Let j = 3061 - -527. Suppose -3*x - g = 2*x - j, 714 = x - g. List the prime factors of x.
3, 239
Let j(t) = 94*t**2 - 36*t - 210. What are the prime factors of j(-8)?
2, 11, 277
Let u(o) = -o**3 - 6*o**2 - o - 1. Let p be u(-6). Let w be ((-1786)/(-235))/((-2)/190). List the prime factors of (-1)/p - w/10.
2, 3
Let z = -69 - -74. Suppose z*j - 462 = 113. Suppose 3*a + 2*y - 6*y = 335, -2*y - j = -a. List the prime factors of a.
3, 5, 7
Let y be (-1)/(-5) + (-6109)/(-5) + 2. Let b be 7/(147/y)*7. Suppose 2*l = 5*x + b, x + 0 - 2 = 0. What are the prime factors of l?
11, 19
Suppose -5 = 14*d - 19*d. Suppose -2*q + d = -q, -3*a = 5*q - 1379. List the prime factors of a.
2, 229
What are the prime factors of ((-2)/(-6))/((-160)/64) - (-350207)/15?
37, 631
Suppose -2*a + q = -a - 2, q = -4*a + 18. Suppose 0 = 16*n - 0*n - 80. Suppose -a*j + 34 = 3*s - 79, -n*s + 165 = 2*j. List the prime factors of s.
31
Let b(d) = -5*d - 5. Let n(g) be the second derivative of -5*g**3/6 - 3*g**2 - 15*g. Let p(s) = 3*b(s) - 2*n(s). List the prime factors of p(-7).
2
Suppose 0*u - 3*u - 48 = 0. Let q(i) = -i**2 - 14*i + 36. Let d be q(u). Suppose d*g = y + 343, 5*g - 4*y = -0*y + 437. List the prime factors of g.
5, 17
Let t = 28 - 10. Let z = -6287 - -6279. Let m = z + t. List the prime factors of m.
2, 5
Let b = 0 + -2. Suppose 13*x - 10*x = 5*o + 16, x = -o - 8. List the prime factors of 74 + (-3 - b - o).
2, 3, 13
Let p be (-24)/(-18)*(-555)/2. List the prime factors of (-2)/(2/(p/5)).
2, 37
Let f(p) = -9*p**3 - 4*p**2 - 5*p - 4. Let x be (-2)/((-5)/((-25)/2)). Let h be (4/10)/(x/25). What are the prime factors of f(h)?
2, 31
Suppose 4*f + 2950 = -2082. Let x = 2302 + f. List the prime factors of x.
2, 3, 29
Let m(p) = 11*p**3 - 3*p**2 + 5*p - 1. Suppose 48 - 45 = s. Let l be m(s). List the prime factors of l*((-3)/((-12)/13) + -3).
71
Suppose -4*s + 3*y + 4 = 0, -4 = -2*s - 2*s - 2*y. Let f(r) = -399*r**2 + 3*r - 2. Let g be f(s). Let i = g + 618. List the prime factors of i.
2, 5, 11
Let p = 4098 - 1756. Let q = -1119 + p. List the prime factors of q.
1223
Let d = 41 - -22. Suppose d = r - 7. Suppose 75*k - 800 = r*k. What are the prime factors of k?
2, 5
Suppose 0 = 55*h + 10*h - 216060. What are the prime factors of h?
2, 3, 277
Suppose 4*n + 3*k = 17 + 5, 3*n - 3*k = 6. Let b be -2*n/6*-3. Suppose 4*f = b*t + 288, -4*t - 289 = -5*f + 66. List the prime factors of f.
67
What are the prime factors of (8/(-60)*12 - (-33)/55)*-35859?
3, 11953
Let r = -163 - -8199. List the prime factors of r.
2, 7, 41
Let w(z) be the first derivative of 3*z**4/4 + 3*z**3 - 17*z**2/2 + 10*z - 68. List the prime factors of w(5).
3, 5, 7
Suppose -11555 = -2*y + 10*p + 17537, 4*p + 12 = 0. List the prime factors of y.
11, 1321
Suppose 32*h - 78*h = -137*h + 1354444. What are the prime factors of h?
2, 61
Let y(w) = -5*w**2 - 29*w - 39. Let i(m) = 9*m**2 + 58*m + 79. Let u(z) = -4*i(z) - 7*y(z). Suppose -18*v - 144 = -12*v. What are the prime factors of u(v)?
7, 11
Suppose -86*l = -14*l - 43704. List the prime factors of l.
607
Let n(g) = -19*g - 122. Let p be n(-14). Suppose -146*i + 1492 = -p*i. What are the prime factors of i?
2, 373
Let i(r) = -4266*r - 70. What are the prime factors of i(-5)?
2, 5, 1063
Suppose u + u - 10 = 0. Let v be (-28)/(-32) + 1 + (-6)/(-48). Suppose 2*k - v*i = 18, 3*i = -u*k + 6 + 31. What are the prime factors of k?
2
Suppose 1583*w - 399594 = 1544*w. List the prime factors of w.
2, 47, 109
Let x = 5331 - -17639. What are the prime factors of x?
2, 5, 2297
Suppose 31*o = a + 26*o - 32895, 5*a - 2*o - 164475 = 0. List the prime factors of a.
3, 5, 17, 43
Let h = 12131 + -8341. Suppose 4*r - h = 2*q, -4*r + 0*q = -q - 3789. List the prime factors of r.
947
Suppose -4*h + 3164 = 4*r, 5*r + 5 = -10. Let p = -582 + h. What are the prime factors of p?
2, 53
Let f(u) = -6*u - 33. Suppose -4*a = 2 - 6. Let i be (a*4)/((-11)/55). What are the prime factors of f(i)?
3, 29
Suppose -4077 = 130*w - 139*w. Suppose -47*u - w = -50*u. List the prime factors of u.
151
Let t = 650 + -646. List the prime factors of (-5674)/(-12) - -1*t/24.
11, 43
What are the prime factors of 7542/(((-2)/(-7))/(64/28 + -2))?
2, 3, 419
Let z be ((-28)/12)/((1 - -2)/63). Let m = z + 50. What are the prime factors of (-22)/(-3)*(m + 2/4)?
11
Suppose -3130*x + 636594 = -3109*x. List the prime factors of x.
2, 23, 659
Let m = 1461 - -8939. List the prime factors of m.
2, 5, 13
Let g be 227 + (0/3 - -2). Suppose -107*f + 24573 = -60492. Suppose -f = -2*c - g. List the prime factors of c.
283
Let s(n) = 22*n - 67. Let p be s(-8). Let r = p + 560. What are the prime factors of r?
317
Suppose 0 = -100*l + 1073374 - 194574. List the prime factors of l.
2, 13
Let d be (-1)/((-10)/496)*(-49 + 44). Let k = -136 - d. List the prime factors of k.
2, 7
Let a(j) = 99*j - 30. Let q be 104/10 - 2/5. Let d be a(q). Suppose -3*r - 8 = -5, -4*b + 4*r = -d. What are the prime factors of b?
239
Let q = -9 - -33. Suppose 0 = q*f - 8*f - 6816. List the prime factors of f.
2, 3, 71
Suppose 3*h = -0*h - 2*w + 60, 2*h - 5*w - 21 = 0. Suppose 2736 = h*t - 6*t. What are the prime factors of t?
2, 3, 19
Let o(r) = 521*r**3 + 2*r**2 - 15*r + 39. List the prime factors of o(4).
5, 7, 953
Let x be (2 + -8)*7/(-14) + -3. Suppose -l + i + 2*i - 8 = x, l = i - 16. List the prime factors of 56*(-6)/10*l/7.
2, 3
Suppose -47*f + 84 = -26*f. Suppose -f*c + 78 = -38. What are the prime factors of c?
29
Let y(c) = -c**3 + 9*c**2 + 143*c - 1012. List the prime factors of y(8).
2, 7
Let l = -2996 + 4024. List the prime factors of l.
2, 257
Let r = 309 - -54. Suppose -12*z + 9*z = -r. What are the prime factors of z?
11
Suppose 2 = -2*v, 0 = 3*a - 0*a + v - 5. Let b(h) = -3*h - 7*h + 8*h**a + 12*h - 25 + 9. List the prime factors of b(-4).
2, 13
Let m = -343 - -238. What are the prime factors of (1 - (-14)/6)*(-6048)/m?
2, 3
Let h be (-5)/((-7)/14*5). List the prime factors of 2/((-2 - -1)/(h - 801)).
2, 17, 47
Let s(y) = 234*y + 1. Let t be s(3). Suppose 0 = -4*x + 1775 - t. Suppose 3*r + 4*n - 68 = 2*r, 2*n = -5*r + x. List the prime factors of r.
2, 13
Let h(d) = -573*d + 15. Let x be h(-1). Let s = x + -400. List the prime factors of s.
2, 47
Let f(l) be the third derivati